 prime factors of 23941124?
2, 29, 173, 1193
List the prime factors of 54566588.
2, 3559, 3833
List the prime factors of 664278003.
3, 103, 79621
What are the prime factors of 256411286?
2, 59, 2172977
List the prime factors of 5886424289.
5886424289
List the prime factors of 801081599.
17, 47122447
List the prime factors of 10263356.
2, 31, 37, 2237
List the prime factors of 825065503.
825065503
What are the prime factors of 1580183341?
11, 89, 277, 5827
What are the prime factors of 761772451?
11, 1123, 61667
List the prime factors of 3346810591.
6011, 556781
What are the prime factors of 5302949399?
11, 317, 1520777
What are the prime factors of 786400680?
2, 3, 5, 13, 504103
What are the prime factors of 1426319374?
2, 43, 101, 164209
What are the prime factors of 26701981?
2113, 12637
What are the prime factors of 6360514116?
2, 3, 11, 23, 59, 35509
List the prime factors of 64536389.
31, 1021, 2039
List the prime factors of 1043202823.
13, 829, 96799
List the prime factors of 957129223.
17, 61, 751, 1229
What are the prime factors of 196201544?
2, 7, 11, 431, 739
List the prime factors of 68433451.
59, 1159889
List the prime factors of 860398249.
860398249
What are the prime factors of 612502319?
11, 13, 397, 10789
List the prime factors of 12614200.
2, 5, 59, 1069
List the prime factors of 101361580.
2, 5, 19, 101, 139
List the prime factors of 28975390.
2, 5, 31, 151, 619
List the prime factors of 2252089643.
23, 31, 97, 32563
List the prime factors of 1625962119.
3, 5897, 91909
List the prime factors of 102225207.
3, 7, 83, 223, 263
What are the prime factors of 518956808?
2, 67, 757, 1279
What are the prime factors of 54446534?
2, 27223267
List the prime factors of 35956588.
2, 19, 73, 6481
What are the prime factors of 465457483?
13721, 33923
What are the prime factors of 706483301?
83, 97, 87751
List the prime factors of 5945263.
103, 197, 293
What are the prime factors of 78232591?
23, 3401417
List the prime factors of 1679362169.
67, 25065107
What are the prime factors of 159934691?
7, 17, 89, 15101
What are the prime factors of 3255910379?
3255910379
What are the prime factors of 1126455360?
2, 3, 5, 17, 23, 3001
What are the prime factors of 15368627?
15368627
What are the prime factors of 236965853?
19, 12471887
What are the prime factors of 124762780?
2, 5, 43, 239, 607
List the prime factors of 302293664.
2, 9446677
List the prime factors of 16086144.
2, 3, 163, 257
List the prime factors of 8100014.
2, 13, 311539
List the prime factors of 467888738.
2, 67, 3491707
What are the prime factors of 614242307?
7, 101, 868801
What are the prime factors of 1137788777?
1283, 886819
List the prime factors of 4050386593.
11, 368216963
List the prime factors of 82826254.
2, 7, 5916161
What are the prime factors of 151685033?
17, 8922649
List the prime factors of 60403263.
3, 1019, 19759
What are the prime factors of 4854193?
4854193
What are the prime factors of 1449936092?
2, 11, 31, 43, 59, 419
List the prime factors of 2249753477.
643, 1307, 2677
What are the prime factors of 21598542?
2, 3, 7, 57139
What are the prime factors of 5365954577?
521, 601, 17137
List the prime factors of 3546794952.
2, 3, 608161
List the prime factors of 3500621644.
2, 13, 67319647
List the prime factors of 9817630.
2, 5, 109, 9007
List the prime factors of 625428218.
2, 12613, 24793
List the prime factors of 45418851.
3, 5046539
What are the prime factors of 5652032670?
2, 3, 5, 17, 3694139
What are the prime factors of 5832180?
2, 3, 5, 32401
What are the prime factors of 483470950?
2, 5, 71, 136189
What are the prime factors of 63235813?
449, 140837
What are the prime factors of 35046069?
3, 11682023
List the prime factors of 481167833.
31, 59, 263077
List the prime factors of 3734392151.
7, 211, 1061, 2383
List the prime factors of 109174544.
2, 17, 59, 6803
List the prime factors of 237436309.
11, 97, 222527
What are the prime factors of 58628180?
2, 5, 13, 225493
What are the prime factors of 1401754998?
2, 3, 7, 107, 379, 823
List the prime factors of 160911786.
2, 3, 7, 101, 5419
What are the prime factors of 69796446?
2, 3, 29, 67, 5987
What are the prime factors of 7618380?
2, 3, 5, 7, 11, 17, 97
What are the prime factors of 2054213880?
2, 3, 5, 19, 900971
What are the prime factors of 10254782?
2, 1153, 4447
List the prime factors of 40435580.
2, 5, 2021779
List the prime factors of 915195048.
2, 3, 38133127
What are the prime factors of 93760976?
2, 97, 60413
What are the prime factors of 781001201?
373, 2093837
What are the prime factors of 663134550?
2, 3, 5, 13, 89, 3821
What are the prime factors of 16749932?
2, 4187483
List the prime factors of 255621825.
3, 5, 126233
List the prime factors of 1439004869.
127, 11330747
What are the prime factors of 21165348?
2, 3, 41, 43019
What are the prime factors of 2720392480?
2, 5, 13, 53, 24677
What are the prime factors of 48003626?
2, 11, 547, 3989
List the prime factors of 2509518835.
5, 17, 67, 440653
List the prime factors of 327972821.
11, 29815711
List the prime factors of 731501073.
3, 193, 353, 1193
What are the prime factors of 64830919?
37, 1752187
List the prime factors of 1494501350.
2, 5, 89, 335843
List the prime factors of 1774047313.
13411, 132283
What are the prime factors of 142466561?
131, 409, 2659
What are the prime factors of 128089147?
47, 1291, 2111
List the prime factors of 57076107.
3, 11, 293, 5903
List the prime factors of 1266801054.
2, 3, 2017, 104677
What are the prime factors of 175971952?
2, 13, 83, 10193
What are the prime factors of 149985220?
2, 5, 7, 11, 17, 337
List the prime factors of 7574715.
3, 5, 59, 317
List the prime factors of 446246491.
446246491
What are the prime factors of 32608863?
3, 7, 73943
List the prime factors of 18268493.
41, 445573
What are the prime factors of 5357965?
5, 23, 46591
List the prime factors of 33416374.
2, 16708187
List the prime factors of 198827772.
2, 3, 11, 13, 109, 1063
What are the prime factors of 22816983?
3, 7, 1086523
What are the prime factors of 53001751?
11, 39821
List the prime factors of 97591296.
2, 3, 11, 19
What are the prime factors of 787411295?
5, 11, 14316569
List the prime factors of 57301888.
2, 7, 31, 2063
What are the prime factors of 32812205?
5, 61, 107581
List the prime factors of 85793917.
11, 17, 458791
List the prime factors of 465004196.
2, 17, 379, 18043
List the prime factors of 990008796.
2, 3, 7, 41, 263, 1093
List the prime factors of 41892613.
7, 5984659
List the prime factors of 2762456407.
31, 53, 1681349
What are the prime factors of 2955383850?
2, 3, 5, 23, 487, 1759
What are the prime factors of 592431356?
2, 11, 13464349
What are the prime factors of 246849187?
13, 31, 19759
List the prime factors of 283696692.
2, 3, 23641391
What are the prime factors of 3276907471?
17, 192759263
What are the prime factors of 960908500?
2, 5, 37, 51941
List the prime factors of 168170329.
113, 1488233
List the prime factors of 10364539.
233, 44483
What are the prime factors of 92160996?
2, 3, 61, 137, 919
What are the prime factors of 321236702?
2, 2341, 68611
What are the prime factors of 35468680?
2, 5, 13, 68209
What are the prime factors of 31045063?
7, 211, 21019
List the prime factors of 4230507667.
21191, 199637
What are the prime factors of 557181753?
3, 185727251
List the prime factors of 12852724.
2, 31, 103651
List the prime factors of 210439426.
2, 105219713
List the prime factors of 167804054.
2, 11, 31, 7937
What are the prime factors of 6769396?
2, 19, 89071
List the prime factors of 541751618.
2, 270875809
List the prime factors of 49200375.
3, 5, 7, 18743
What are the prime factors of 2231432518?
2, 7, 159388037
What are the prime factors of 78576600?
2, 3, 5, 173, 757
List the prime factors of 3326090461.
739, 4500799
List the prime factors of 239630211.
3, 59, 150427
What are the prime factors of 101840989?
109, 277, 3373
What are the prime factors of 17300038?
2, 7, 176531
List the prime factors of 474921800.
2, 5, 89, 26681
What are the prime factors of 4545768000?
2, 3, 5, 189407
What are the prime factors of 1074576781?
1074576781
What are the prime factors of 509485629?
3, 43, 3949501
List the prime factors of 455527397.
13, 23, 1523503
List the prime factors of 124